{"id":47,"date":"2021-11-24T09:16:59","date_gmt":"2021-11-24T09:16:59","guid":{"rendered":"https:\/\/crue-mu.esferize.com\/?page_id=47"},"modified":"2025-11-13T16:37:39","modified_gmt":"2025-11-13T16:37:39","slug":"aleman","status":"publish","type":"page","link":"https:\/\/proyectos.crue.org\/acreditacion\/aleman\/","title":{"rendered":"Alem\u00e1n"},"content":{"rendered":"\n<p>\u200b\u200bAlem\u00e1n &#8211;&nbsp;Composici\u00f3n de la mesa<\/p>\n\n\n\n<figure class=\"wp-block-table is-style-crue-tabla-franjas-remarcada\"><table><tbody><tr><td>D\u00f1a. Meike Meliss (coordinadora)<br>Universidade de Santiago de Compostela<br><\/td><\/tr><tr><td>D\u00f1a. Karin Vilar S\u00e1nchez<br>Universidad de Granada<\/td><\/tr><tr><td>D\u00f1a. Almudena Mallo Dorado<br>Universidad del Pa\u00eds Vasco\/Euskal Herriko Unibertsitatea<\/td><\/tr><tr><td>D\u00f1a.&nbsp;Marta Fern\u00e1ndez-Villanueva<br>Universitat de Barcelona<\/td><\/tr><tr><td>D\u00f1a. Helena Cort\u00e9s Gabaud\u00e1n<br>Universidade de Vigo<\/td><\/tr><tr><td>D. Tony Heining<br>Goethe Institute Madrid<\/td><\/tr><\/tbody><\/table><figcaption class=\"wp-element-caption\">Recomendaci\u00f3n: *CRUE solo considera como v\u00e1lidos los ex\u00e1menes realizados de forma presencial<\/figcaption><\/figure>\n\n\n\n<p><a href=\"https:\/\/proyectos.crue.org\/acreditacion\/wp-content\/uploads\/sites\/3\/2024\/09\/Tabla-Equivalencia-Certificados-Aleman.pdf\" data-type=\"URL\" target=\"_blank\" rel=\"noreferrer noopener\"><strong>Certificados para la acreditaci\u00f3n de niveles de alem\u00e1n<\/strong><\/a><strong>\u200b<\/strong><\/p>\n","protected":false},"excerpt":{"rendered":"<p>\u200b\u200bAlem\u00e1n &#8211;&nbsp;Composici\u00f3n de la mesa D\u00f1a. Meike Meliss (coordinadora)Universidade de Santiago de Compostela D\u00f1a. Karin Vilar S\u00e1nchezUniversidad de Granada D\u00f1a. Almudena Mallo DoradoUniversidad del Pa\u00eds Vasco\/Euskal Herriko Unibertsitatea D\u00f1a.&nbsp;Marta Fern\u00e1ndez-VillanuevaUniversitat de Barcelona D\u00f1a. Helena Cort\u00e9s Gabaud\u00e1nUniversidade de Vigo D. Tony HeiningGoethe Institute Madrid Recomendaci\u00f3n: *CRUE solo considera como v\u00e1lidos los ex\u00e1menes realizados de forma presencial &hellip; <\/p>\n<p class=\"link-more\"><a href=\"https:\/\/proyectos.crue.org\/acreditacion\/aleman\/\" class=\"more-link\">Continuar leyendo<span class=\"screen-reader-text\"> \u00abAlem\u00e1n\u00bb<\/span><\/a><\/p>\n","protected":false},"author":4,"featured_media":0,"parent":0,"menu_order":0,"comment_status":"closed","ping_status":"closed","template":"","meta":{"_acf_changed":false,"footnotes":""},"class_list":["post-47","page","type-page","status-publish","hentry"],"acf":[],"_links":{"self":[{"href":"https:\/\/proyectos.crue.org\/acreditacion\/wp-json\/wp\/v2\/pages\/47","targetHints":{"allow":["GET"]}}],"collection":[{"href":"https:\/\/proyectos.crue.org\/acreditacion\/wp-json\/wp\/v2\/pages"}],"about":[{"href":"https:\/\/proyectos.crue.org\/acreditacion\/wp-json\/wp\/v2\/types\/page"}],"author":[{"embeddable":true,"href":"https:\/\/proyectos.crue.org\/acreditacion\/wp-json\/wp\/v2\/users\/4"}],"replies":[{"embeddable":true,"href":"https:\/\/proyectos.crue.org\/acreditacion\/wp-json\/wp\/v2\/comments?post=47"}],"version-history":[{"count":13,"href":"https:\/\/proyectos.crue.org\/acreditacion\/wp-json\/wp\/v2\/pages\/47\/revisions"}],"predecessor-version":[{"id":291,"href":"https:\/\/proyectos.crue.org\/acreditacion\/wp-json\/wp\/v2\/pages\/47\/revisions\/291"}],"wp:attachment":[{"href":"https:\/\/proyectos.crue.org\/acreditacion\/wp-json\/wp\/v2\/media?parent=47"}],"curies":[{"name":"wp","href":"https:\/\/api.w.org\/{rel}","templated":true}]}}